02 is divided by 255?
202
What is the remainder when 4564 is divided by 905?
39
What is the remainder when 7806 is divided by 3903?
0
Calculate the remainder when 7893 is divided by 572.
457
What is the remainder when 16513 is divided by 61?
43
Calculate the remainder when 133791 is divided by 18.
15
What is the remainder when 217 is divided by 180?
37
Calculate the remainder when 25492 is divided by 6.
4
Calculate the remainder when 22042 is divided by 10964.
114
Calculate the remainder when 8627 is divided by 663.
8
Calculate the remainder when 1081 is divided by 264.
25
What is the remainder when 13673 is divided by 99?
11
What is the remainder when 226 is divided by 30?
16
What is the remainder when 97921 is divided by 1605?
16
Calculate the remainder when 14849 is divided by 90.
89
Calculate the remainder when 2503 is divided by 312.
7
Calculate the remainder when 47134 is divided by 186.
76
Calculate the remainder when 715731 is divided by 215.
211
Calculate the remainder when 2345 is divided by 466.
15
What is the remainder when 184183 is divided by 74?
71
What is the remainder when 803638 is divided by 120?
118
Calculate the remainder when 499843 is divided by 31.
30
Calculate the remainder when 8598 is divided by 540.
498
Calculate the remainder when 12245 is divided by 80.
5
Calculate the remainder when 2481 is divided by 841.
799
Calculate the remainder when 173454 is divided by 43362.
6
Calculate the remainder when 52091 is divided by 128.
123
Calculate the remainder when 14218 is divided by 1776.
10
Calculate the remainder when 8705 is divided by 2517.
1154
Calculate the remainder when 17243 is divided by 49.
44
What is the remainder when 3142 is divided by 286?
282
Calculate the remainder when 317231 is divided by 909.
899
What is the remainder when 22901 is divided by 309?
35
What is the remainder when 3458 is divided by 161?
77
What is the remainder when 3199 is divided by 1548?
103
Calculate the remainder when 11715 is divided by 40.
35
What is the remainder when 70066 is divided by 26?
22
Calculate the remainder when 123195 is divided by 12.
3
Calculate the remainder when 73537 is divided by 1839.
1816
Calculate the remainder when 252191 is divided by 1173.
1169
What is the remainder when 14748 is divided by 127?
16
What is the remainder when 4426 is divided by 222?
208
What is the remainder when 3397 is divided by 294?
163
What is the remainder when 15456 is divided by 322?
0
Calculate the remainder when 1632 is divided by 109.
106
Calculate the remainder when 55199 is divided by 57.
23
Calculate the remainder when 944 is divided by 300.
44
What is the remainder when 2659 is divided by 313?
155
Calculate the remainder when 597 is divided by 307.
290
What is the remainder when 10861 is divided by 43?
25
Calculate the remainder when 28328 is divided by 1150.
728
What is the remainder when 7091280 is divided by 87?
84
Calculate the remainder when 283467 is divided by 257.
253
Calculate the remainder when 22533 is divided by 27.
15
What is the remainder when 252 is divided by 52?
44
What is the remainder when 44114 is divided by 173?
172
Calculate the remainder when 38152 is divided by 7553.
387
Calculate the remainder when 54247 is divided by 13.
11
What is the remainder when 14885 is divided by 7434?
17
Calculate the remainder when 93501 is divided by 183.
171
Calculate the remainder when 217274 is divided by 256.
186
What is the remainder when 11085 is divided by 19?
8
Calculate the remainder when 5538 is divided by 1845.
3
What is the remainder when 53595 is divided by 53400?
195
Calculate the remainder when 1555 is divided by 1450.
105
Calculate the remainder when 53700 is divided by 164.
72
What is the remainder when 4063 is divided by 1696?
671
Calculate the remainder when 229640 is divided by 22963.
10
Calculate the remainder when 5011 is divided by 626.
3
What is the remainder when 1224696 is divided by 21?
18
What is the remainder when 1951 is divided by 261?
124
What is the remainder when 287999 is divided by 60?
59
Calculate the remainder when 279096 is divided by 2969.
10
What is the remainder when 3303 is divided by 79?
64
Calculate the remainder when 417786 is divided by 183.
180
What is the remainder when 2293 is divided by 479?
377
What is the remainder when 4936 is divided by 448?
8
Calculate the remainder when 1502 is divided by 1278.
224
What is the remainder when 274 is divided by 64?
18
What is the remainder when 219881 is divided by 101?
4
What is the remainder when 8372 is divided by 8337?
35
What is the remainder when 119702 is divided by 23?
10
Calculate the remainder when 3558 is divided by 3537.
21
Calculate the remainder when 47279 is divided by 388.
331
What is the remainder when 22279 is divided by 282?
1
What is the remainder when 109289 is divided by 109275?
14
Calculate the remainder when 61616 is divided by 1368.
56
What is the remainder when 45140 is divided by 297?
293
Calculate the remainder when 5791 is divided by 1831.
298
What is the remainder when 25233 is divided by 279?
123
What is the remainder when 5928 is divided by 348?
12
Calculate the remainder when 5913 is divided by 1955.
48
What is the remainder when 22527 is divided by 10?
7
What is the remainder when 1640 is divided by 1567?
73
What is the remainder when 21738 is divided by 10?
8
Calculate the remainder when 417521 is divided by 42.
41
What is the remainder when 72499 is divided by 116?
115
Calculate the remainder when 148976 is divided by 26.
22
What is the remainder when 22844 is divided by 408?
404
Calculate the remainder when 555049 is divided by 277514.
21
What is the remainder when 33985 is divided by 1212?
49
What is the remainder when 293512 is divided by 213?
211
What is the remainder when 310079 is divided by 24?
23
Calculate the remainder when 29866 is divided by 364.
18
Calculate the remainder when 4270 is divided by 475.
470
What is the remainder when 265855 is divided by 180?
175
Calculate the remainder when 353699 is divided by 774.
755
Calculate the remainder when 54427 is divided by 136.
27
What is the remainder when 32218 is divided by 20?
18
Calculate the remainder when 2333 is divided by 91.
58
Calculate the remainder when 128959 is divided by 64479.
1
What is the remainder when 5983 is divided by 262?
219
Calculate the remainder when 1717 is divided by 576.
565
Calculate the remainder when 20923 is divided by 6529.
1336
What is the remainder when 1783 is divided by 591?
10
What is the remainder when 1935 is divided by 392?
367
What is the remainder when 534274 is divided by 1950?
1924
Calculate the remainder when 23481 is divided by 401.
223
What is the remainder when 68483 is divided by 52?
51
What is the remainder when 39328 is divided by 3277?
4
What is the remainder when 76502 is divided by 484?
30
What is the remainder when 113342 is divided by 1986?
140
What is the remainder when 721581 is divided by 126?
105
Calculate the remainder when 251116 is divided by 9.
7
Calculate the remainder when 89483 is divided by 95.
88
Calculate the remainder when 64 is divided by 43.
21
Calculate the remainder when 197182 is divided by 119.
118
What is the remainder when 34869 is divided by 5811?
3
Calculate the remainder when 3466 is divided by 570.
46
What is the remainder when 43521 is divided by 39?
36
What is the remainder when 58154 is divided by 847?
558
Calculate the remainder when 1654 is divided by 170.
124
What is the remainder when 47818 is divided by 575?
93
Calculate the remainder when 9177 is divided by 3026.
99
Calculate the remainder when 2039 is divided by 22.
15
What is the remainder when 274734 is divided by 176?
174
Calculate the remainder when 432760 is divided by 8.
0
Calculate the remainder when 157132 is divided by 368.
364
What is the remainder when 3964452 is divided by 533?
531
Calculate the remainder when 26816 is divided by 106.
104
What is the remainder when 12409 is divided by 1771?
12
Calculate the remainder when 334146 is divided by 204.
198
Calculate the remainder when 120770 is divided by 1032.
26
Calculate the remainder when 4099 is divided by 315.
4
Calculate the remainder when 14781 is divided by 4909.
54
What is the remainder when 1720 is divided by 431?
427
Calculate th